{"id":268,"date":"2024-07-08T15:00:12","date_gmt":"2024-07-08T13:00:12","guid":{"rendered":"http:\/\/www.sanda-nd.eu\/?page_id=268"},"modified":"2024-07-08T15:00:12","modified_gmt":"2024-07-08T13:00:12","slug":"list-of-participants","status":"publish","type":"page","link":"http:\/\/www.sanda-nd.eu\/index.php\/list-of-participants\/","title":{"rendered":"List of Participants"},"content":{"rendered":"\n<figure class=\"wp-block-table alignwide\"><table><tbody><tr><td>Participant <br>No.<\/td><td>Participant Organization Name<\/td><td> Short name<\/td><td>Country<\/td><td>Web<\/td><\/tr><tr><td>1<\/td><td>Centro de Investigaciones Energ\u00e9ticas Medioambientales y Tecnol\u00f3gicas<\/td><td>CIEMAT<\/td><td>Spain<\/td><td><a href=\"http:\/\/www.ciemat.es\">www.ciemat.es<\/a><\/td><\/tr><tr><td>2<\/td><td>Magyar Tudom\u00e1nyos Akad\u00e9mia Atommagkutat\u00f3 Int\u00e9zete<\/td><td>Atomki<\/td><td>Hungary<\/td><td><a href=\"https:\/\/www.atomki.hu\/\">www.atomki.hu\/<\/a><\/td><\/tr><tr><td>3<\/td><td>Commissariat \u00e0 l&#8217;\u00e9nergie atomique et aux \u00e9nergies alternatives<\/td><td>CEA<\/td><td>France<\/td><td><a href=\"https:\/\/www.cea.fr\/\">www.cea.fr\/<\/a><\/td><\/tr><tr><td>4<\/td><td>European Organization for Nuclear Research<\/td><td>CERN<\/td><td>Switzerland<\/td><td><a href=\"https:\/\/home.cern\/\">home.cern\/<\/a><\/td><\/tr><tr><td>5<\/td><td>Centre National de la Recherche Scientifique<\/td><td>CNRS<\/td><td>France<\/td><td><a href=\"https:\/\/www.cnrs.fr\/fr\">www.cnrs.fr<\/a><\/td><\/tr><tr><td>6<\/td><td>Agencia Estatal Consejo Superior de Investigaciones Cient\u00edficas<\/td><td>CSIC<\/td><td>Spain<\/td><td><a href=\"https:\/\/www.csic.es\/es\">www.csic.es\/es<\/a><\/td><\/tr><tr><td>7<\/td><td>Centrum v\u00fdzkumu \u0158e\u017e s.r.o.<\/td><td>CVREZ<\/td><td>Czech Republic<\/td><td><a href=\"https:\/\/www.cvrez.cz\/\">www.cvrez.cz\/<\/a><\/td><\/tr><tr><td>8<\/td><td>Agenzia Nazionale per le Nuove Tecnologie, l&#8217;Energia e lo Sviluppo Economico Sostenibile<\/td><td>ENEA<\/td><td>Italy<\/td><td><a href=\"https:\/\/www.enea.it\/it\/\">www.enea.it\/<\/a><\/td><\/tr><tr><td>9<\/td><td>Helmholtz-Zentrum Dresden-Rossendorf EV<\/td><td>HZDR<\/td><td>Germany<\/td><td><a href=\"https:\/\/www.hzdr.de\/\">www.hzdr.de\/<\/a><\/td><\/tr><tr><td>10<\/td><td>Institutul Na\u021bional de Cercetare-Dezvoltare pentru Fizic\u0103 \u0219i Inginerie Nuclear\u0103 \u201eHoria Hulubei\u201d<\/td><td>IFIN-HH<\/td><td>Romania<\/td><td><a href=\"https:\/\/www.nipne.ro\/\">www.nipne.ro\/<\/a><\/td><\/tr><tr><td>11<\/td><td>Institut de Radioprotection et de S\u00fbret\u00e9 Nucl\u00e9aire<\/td><td>IRSN<\/td><td>France<\/td><td><a href=\"https:\/\/www.irsn.fr\/\">www.irsn.fr\/<\/a><\/td><\/tr><tr><td>12<\/td><td>Associa\u00e7\u00e3o do Instituto Superior T\u00e9cnico para a Investiga\u00e7\u00e3o e Desenvolvimento<\/td><td>IST-ID<\/td><td>Portugal<\/td><td><a href=\"https:\/\/ist-id.pt\/\">ist-id.pt\/<\/a><\/td><\/tr><tr><td>13<\/td><td>Joint Research Centre &#8211; European Comission<\/td><td>JRC<\/td><td>Belgium<\/td><td><a href=\"https:\/\/joint-research-centre.ec.europa.eu\/index_en\">joint-research-centre.ec.europa.eu<\/a><\/td><\/tr><tr><td>14<\/td><td>Institut Jo\u017eef Stefan<\/td><td>JSI<\/td><td>Slovenia<\/td><td><a href=\"https:\/\/www.ijs.si\/ijsw\/IJS\">www.ijs.si\/ijsw\/IJS<\/a><\/td><\/tr><tr><td>15<\/td><td>Jyv\u00e4skyl\u00e4n Yliopisto<\/td><td>JYU<\/td><td>Finland<\/td><td><a href=\"https:\/\/www.jyu.fi\/en\">www.jyu.fi\/en<\/a><\/td><\/tr><tr><td>16<\/td><td>Karlsruher Institut f\u00fcr Technologie<\/td><td>KIT<\/td><td>Germany<\/td><td><a href=\"https:\/\/www.kit.edu\/\">www.kit.edu\/<\/a><\/td><\/tr><tr><td>17<\/td><td>\u00dastav Jadern\u00e9 Fyziky AV\u00a0\u010cR<\/td><td>NPI<\/td><td>Czech Republic<\/td><td><a href=\"https:\/\/www.ujf.cas.cz\/cs\/\">www.ujf.cas.cz\/cs\/<\/a><\/td><\/tr><tr><td>18<\/td><td>NPL Management Limited<\/td><td>NPL<\/td><td>United Kingdom<\/td><td><\/td><\/tr><tr><td>19<\/td><td>Nuclear Research and Consultancy Group<\/td><td>NRG<\/td><td>Netherlands<\/td><td><a href=\"https:\/\/www.nrg.eu\/\">www.ngr.eu<\/a><\/td><\/tr><tr><td>20<\/td><td>National Technical University of Athens<\/td><td>NTUA<\/td><td>Greece<\/td><td><a href=\"https:\/\/www.ntua.gr\/en\/\">www.ntua.gr\/en\/<\/a><\/td><\/tr><tr><td>21<\/td><td>Paul Scherrer Institut<\/td><td>PSB<\/td><td>Switzerland<\/td><td><a href=\"https:\/\/www.psi.ch\/en\">www.psi.ch\/en<\/a><\/td><\/tr><tr><td>22<\/td><td>Physikalisch Technische Bundesanstalt<\/td><td>PTB<\/td><td>Germany<\/td><td><a href=\"https:\/\/www.ptb.de\/cms\/\">www.ptb.de\/cms\/<\/a><\/td><\/tr><tr><td>23<\/td><td>Studiecentrum voor Kerenergie\/ Centre D&#8217;Etude de L&#8217;Energia Nucleaire<\/td><td>SCK-CEN<\/td><td>Belgium<\/td><td><a href=\"https:\/\/www.sckcen.be\/nl\">www.sckcen.be\/<\/a><\/td><\/tr><tr><td>24<\/td><td>Sofiiski Universitet Sveti Kliment Ohridski<\/td><td>Sofia<\/td><td>Bulgaria<\/td><td><a href=\"http:\/\/www.uni-sofia.bg\/eng\">www.uni-sofia.bg\/eng<\/a><\/td><\/tr><tr><td>25<\/td><td>Technische Universit\u00e4t Wien<\/td><td>TUW<\/td><td>Austria<\/td><td><a href=\"https:\/\/www.tuwien.at\/\">www.tuwien.at\/<\/a><\/td><\/tr><tr><td>26<\/td><td>Universitatea din Bucure\u0219ti<\/td><td>UB<\/td><td>Romania<\/td><td><a href=\"https:\/\/unibuc.ro\/\">unibuc.ro\/<\/a><\/td><\/tr><tr><td>27<\/td><td>Uniwersytet \u0141\u00f3dzki<\/td><td>ULODZ<\/td><td>Poland<\/td><td><a href=\"https:\/\/www.uni.lodz.pl\/\">www.uni.lodz.pl\/<\/a><\/td><\/tr><tr><td>28<\/td><td>Johannes Gutenberg  &#8211; Universit\u00e4t Mainz<\/td><td>UMAINZ<\/td><td>Germany<\/td><td><a href=\"https:\/\/www.uni-mainz.de\/\">www.uni-mainz.de\/<\/a><\/td><\/tr><tr><td>29<\/td><td>The University of Manchester<\/td><td>UMANCH<\/td><td>United Kingdom<\/td><td><a href=\"https:\/\/www.manchester.ac.uk\/\">www.manchester.ac.uk\/<\/a><\/td><\/tr><tr><td>30<\/td><td>Panepistimio Ioanninon<\/td><td>UOI<\/td><td>Greece<\/td><td><a href=\"https:\/\/uoi.gr\/en\/\">uoi.gr\/en\/<\/a><\/td><\/tr><tr><td>31<\/td><td>Universitat Polit\u00e8cnica de Catalunya<\/td><td>UPC<\/td><td>Spain<\/td><td><a href=\"https:\/\/www.upc.edu\/ca\">www.upc.edu<\/a><\/td><\/tr><tr><td>32<\/td><td>Universidad Polit\u00e9cnica de Madrid<\/td><td>UPM<\/td><td>Spain<\/td><td><a href=\"https:\/\/www.upm.es\/\">www.upm.es\/<\/a><\/td><\/tr><tr><td>33<\/td><td>Universidad de Santiago de Compostela<\/td><td>USC<\/td><td>Spain<\/td><td><a href=\"https:\/\/www.usc.gal\/es\">www.usc.gal<\/a><\/td><\/tr><tr><td>34<\/td><td>Universidad de Sevilla<\/td><td>USE<\/td><td>Spain<\/td><td><a href=\"https:\/\/www.us.es\/\">www.us.es\/<\/a><\/td><\/tr><tr><td>35<\/td><td>Uppsala Universitet<\/td><td>UU<\/td><td>Sweden<\/td><td><a href=\"https:\/\/www.uu.se\/\">www.uu.se\/<\/a><\/td><\/tr><\/tbody><\/table><\/figure>\n","protected":false},"excerpt":{"rendered":"<p>Participant No. Participant Organization Name Short name Country Web 1 Centro de Investigaciones Energ\u00e9ticas Medioambientales y Tecnol\u00f3gicas CIEMAT Spain www.ciemat.es 2 Magyar Tudom\u00e1nyos Akad\u00e9mia Atommagkutat\u00f3 Int\u00e9zete Atomki Hungary www.atomki.hu\/ 3 Commissariat \u00e0 l&#8217;\u00e9nergie atomique et aux \u00e9nergies alternatives CEA France www.cea.fr\/ 4 European Organization for Nuclear Research CERN Switzerland home.cern\/ 5 Centre National de la [&hellip;]<\/p>\n","protected":false},"author":1,"featured_media":0,"parent":0,"menu_order":0,"comment_status":"closed","ping_status":"closed","template":"","meta":{"footnotes":""},"_links":{"self":[{"href":"http:\/\/www.sanda-nd.eu\/index.php\/wp-json\/wp\/v2\/pages\/268"}],"collection":[{"href":"http:\/\/www.sanda-nd.eu\/index.php\/wp-json\/wp\/v2\/pages"}],"about":[{"href":"http:\/\/www.sanda-nd.eu\/index.php\/wp-json\/wp\/v2\/types\/page"}],"author":[{"embeddable":true,"href":"http:\/\/www.sanda-nd.eu\/index.php\/wp-json\/wp\/v2\/users\/1"}],"replies":[{"embeddable":true,"href":"http:\/\/www.sanda-nd.eu\/index.php\/wp-json\/wp\/v2\/comments?post=268"}],"version-history":[{"count":2,"href":"http:\/\/www.sanda-nd.eu\/index.php\/wp-json\/wp\/v2\/pages\/268\/revisions"}],"predecessor-version":[{"id":270,"href":"http:\/\/www.sanda-nd.eu\/index.php\/wp-json\/wp\/v2\/pages\/268\/revisions\/270"}],"wp:attachment":[{"href":"http:\/\/www.sanda-nd.eu\/index.php\/wp-json\/wp\/v2\/media?parent=268"}],"curies":[{"name":"wp","href":"https:\/\/api.w.org\/{rel}","templated":true}]}}